ds digit of 12/(-48) - (-12087)/r?
1
Suppose a - 7 + 45 = 4*i, -5*a + 5*i = 160. Suppose 9*x + 85 - 58 = 0. What is the units digit of ((-56)/(-16))/(x/a)?
5
Let r(j) = -j**3 - 9*j**2 + 10*j - 4. Let v = -36 - -26. Let n be r(v). What is the units digit of n*14*(0 + (1 - 2))?
6
Let r = 15240 + -10337. What is the tens digit of r?
0
Let k(p) = p**3 - 14*p**2 - 14*p - 15. Let f be k(15). Suppose f = 13*u - 25204 + 7043. What is the tens digit of u?
9
Suppose -33*s + 475275 + 41307 = 0. What is the tens digit of s?
5
Suppose -23*u + 35 = -18*u. Let l(x) = 41*x + 36. What is the tens digit of l(u)?
2
Let a = -271 + 283. Suppose -a*o + 17*o = 2790. What is the units digit of o?
8
Suppose -3*c - 7 = v - 58, 5*v - 79 = -4*c. Suppose 66 = 10*t + c. Suppose a - 845 = -4*a - 5*q, 3*q = t*a - 805. What is the hundreds digit of a?
1
Suppose 4*x + 0*w - 3*w - 32216 = 0, 5*x - 5*w - 40265 = 0. Suppose x = -16*z + 23*z. What is the units digit of z?
1
Suppose 135 = -2*d - 43. Let j = 84 + d. What is the tens digit of 484/8 + j/10?
6
Suppose -2*n + 27*o - 23*o = -428, 0 = 3*n - 2*o - 634. What is the units digit of n?
0
Let b be (-790)/(-8) + 32/128. Let i be -3 - -2 - 528/(-3). Let u = i - b. What is the units digit of u?
6
Let l(a) = 39*a + 128. Let k be l(-8). Let y = k - -516. What is the hundreds digit of y?
3
Let b be -144*1/(6/(-27)). Let c = b + -134. What is the tens digit of c?
1
Let n(g) = -8*g - 62. Let x be n(-8). What is the hundreds digit of ((-4731)/76)/(x/(-24))?
7
Let v be (-3)/2*(-34 - -36). What is the hundreds digit of v + 1*(6 - -613)?
6
Suppose -v + 5*v = r - 1132, -r + 1104 = 3*v. What is the tens digit of (r/48)/((-6)/(-88))?
4
Let u = -45 - -110. What is the units digit of (-3)/((-30)/3988) - (-13)/u?
9
Let m(y) = 71*y + 108. Suppose 51*c = 44*c + 70. What is the hundreds digit of m(c)?
8
Let h be (68/(-119))/((-2)/14). Suppose 0 = h*o + w - 233, o - 3*w = -19 + 61. What is the tens digit of o?
5
Let j be 176/96 + (0 - 1/(-6)). Suppose 5*h - 301 = -j*a + 30, -167 = -a - 2*h. What is the tens digit of a?
7
Suppose -365*q + 370*q = 18900. What is the units digit of q?
0
Suppose -3*r + 1945 = -2*x, 2*x + 3*r + 0*r = -1915. Let y = x + 1759. What is the tens digit of y?
9
Suppose -14*v + 9*v = g - 30633, 3*g - 91886 = -2*v. What is the thousands digit of g?
0
Let m be (27/(-6))/(6/(-60)). What is the tens digit of -45 + m + (147 - 1)?
4
Let d = 2482 - 1271. Suppose 299 - d = -3*q. What is the units digit of q?
4
What is the ten thousands digit of ((-21101)/12)/((532/(-28))/228)?
2
Let z(b) = 21*b - 90. Let o(x) = -3*x + 13. Let p(f) = -27*o(f) - 4*z(f). Let j be p(-13). What is the tens digit of 1/(-4) + 5100/j?
0
Let g(c) = 3*c**2 - 39*c + 599. What is the thousands digit of g(-45)?
8
Let w(h) = 565*h + 384. What is the units digit of w(10)?
4
Suppose 269 = 7*i + 24. Suppose -5*k = 3*x - 23, -2*x + 24 = -0*x - k. Let j = x + i. What is the units digit of j?
6
Let i(g) = 415*g + 11384. What is the thousands digit of i(129)?
4
Suppose -1582*f + 1584*f - 410 = 0. Let l(b) = -5*b**3 - 3*b**2 - 2*b - 2. Let s be l(-3). Let x = f - s. What is the units digit of x?
3
Let m(y) = 114*y + 285. What is the tens digit of m(52)?
1
Suppose -2*q + 9 = 93. Let s be 4 + 18/q + 1942/7. Suppose 5*c = 2*c + 4*h + 844, h + s = c. What is the tens digit of c?
8
Suppose 0 = -10*o + 7 - 167. Let w = -14 - o. Suppose 5 = 5*s, 0 = -w*q + 4*s + 49 + 49. What is the tens digit of q?
5
Let w = 491 + -491. Let f(g) = 3*g + 1332. What is the hundreds digit of f(w)?
3
Let r be (-579)/(-7) + 12/42. Suppose -m + 66 = -r. What is the hundreds digit of m?
1
Let k = -60 + 63. Suppose m - 5*z - 107 = -z, -2*z + 335 = k*m. Suppose -4*j - 2*o + 213 = -303, j = -5*o + m. What is the hundreds digit of j?
1
Let p(u) = 7 + 9*u + 206*u**2 - u - 11*u - 3*u. What is the hundreds digit of p(1)?
2
What is the thousands digit of ((-402)/(-8))/(1299/1581316)?
1
Suppose -s + 13 - 3 = 0. Suppose -8*z + s = -7*z. What is the units digit of 94 - (-5)/(z/(-8))?
0
Suppose 24*p - 81858 = -18*p. Let y = -1217 + p. What is the tens digit of y?
3
Let t(a) = 1162*a + 1309. What is the units digit of t(13)?
5
Let r(m) = -m**2 + 970 + 981 - 1932 - 27*m + 3*m**3. What is the tens digit of r(5)?
3
Suppose -2*r + 63 = -7. Let k = r + -33. What is the tens digit of 13/(91/k) + (-1223)/(-7)?
7
Let y(h) = h**3 + 34 - 19 - 15*h**2 - h - 2. Let i be y(15). What is the units digit of (((-5616)/40)/9)/(i/5)?
9
Suppose 0 = -b - 0*b - 4*t + 356, 3*b - 1028 = -4*t. Let x = b - 59. What is the tens digit of x?
7
Let i(j) = 641*j - 1204. What is the tens digit of i(3)?
1
Let d be (-135)/15 - (2 - 7). What is the hundreds digit of d/6*30438/(-76)?
2
Suppose z = 3*s - 0*z - 15, -2*s - 2*z + 10 = 0. Suppose 4*q + 13 = 33, q - s = -2*i. Suppose 5*j - 240 - 70 = i. What is the tens digit of j?
6
Suppose -8*o = -3*o - 5. Let b be o - 3 - (-1 - 2/2). Suppose -5*u - 19 + 74 = b. What is the units digit of u?
1
Suppose -4*y + 0*v + 2*v + 96 = 0, 0 = -5*y + 5*v + 115. Suppose 6*a - y*a + 22439 = 0. What is the tens digit of a?
8
Suppose -15*y - 4128894 = -6*y. What is the hundreds digit of y/(-330) - 8/(-10)?
3
Let g(z) = 3*z - 19. Suppose -4*v + 5*b = -v + 8, v + 3*b = 16. Suppose -v*o + 41 = w, -4*o + 6*w = w - 59. What is the units digit of g(o)?
4
Let c(w) = -w**3 + 55*w**2 + 6*w - 121. What is the tens digit of c(55)?
0
Suppose -v + 26 = -3*u - u, 4*u - 2*v + 24 = 0. Let a(n) = -2*n - 9. Let c be a(u). Suppose 0 = -c*b + 56 + 99. What is the units digit of b?
1
Let x = 10 - -6. Suppose -15*m + x*m - 20 = 0. Suppose 0 = 4*l, -5*i = 2*l + l - m. What is the units digit of i?
4
Suppose 4*c - 23*v + 19*v - 36740 = 0, 0 = 4*v - 20. What is the thousands digit of c?
9
Suppose -l = 12 - 12. Suppose -26*x + l*x + 17004 = 0. What is the hundreds digit of x?
6
Suppose 3*k - 66853 = -153*q + 148*q, -2*q - 2*k + 26746 = 0. What is the tens digit of q?
6
Suppose 2*h = -0*h - 3*a + 289, 4*h - 633 = 5*a. Let o be -1 - h/(-10) - (-4)/(-20). What is the units digit of 35/o + 602/4?
3
Let v(z) = -11*z**3 - 26*z**2 + 27*z - 90. What is the hundreds digit of v(-12)?
8
Let l = -12619 - -20210. What is the tens digit of l?
9
Let s be 3 - (-3 + 7) - 69. What is the units digit of 17 + s/5 + 4*128?
5
Let h(r) = 3*r**2 + 5*r - 6. Let p be h(-3). What is the tens digit of p/(-7)*(-1631)/2?
9
Let f(a) = 6*a**2 + 10*a - 37. Suppose 44*i = t + 47*i, -2*t = -3*i + 36. What is the tens digit of f(t)?
0
Let a(v) = -84*v - 335. Let y be a(-4). Let d = -50 - -103. What is the units digit of (d - y) + 4 - -3?
9
Let f(t) = -22*t**3 - 134*t**2 + 17*t + 110. What is the units digit of f(-13)?
7
Suppose -54625 = -2*a - 2*t - 9669, 0 = 5*t - 35. What is the units digit of a?
1
Let m(s) = 64*s - 11. Let i = -13 - -15. Suppose 0 = -f - i*r + 12, 3*r = -5*f + 2*f + 21. What is the tens digit of m(f)?
1
Let n(w) = -4*w**3 + w**2 + 4*w + 2. Let v be n(-1). Let y(r) = -8 + r**v + 13*r**2 + 5*r - 13 + 27. What is the units digit of y(-4)?
0
Let j = 32348 - 13351. What is the ten thousands digit of j?
1
Suppose -3*u + 1413 = 5*q, 0 = -2*u + 3*q + q + 942. Suppose -634 = -5*t - 5*y + u, y = -2*t + 445. What is the hundreds digit of t?
2
Let i be 0*((-27)/(-6) - 5). Suppose i = 17*q - 43*q + 22360. What is the tens digit of q?
6
Let w be 16/((2/(-3))/((-11)/(-33))). What is the units digit of 8004/9 + w - (-2)/(-6)?
1
Let z(b) = -20*b**3 + b**2 - b - 10. Let u = -269 - -266. What is the tens digit of z(u)?
4
Let v = -263 - -266. Let c(r) = 2*r**3 + r**3 + r**2 + 6*r - r**3. What is the units digit of c(v)?
1
Suppose -3*d = -2*j + 29853, 18*d - 14*d = -28. What is the hundreds digit of j?
9
Let q(i) = i**2 - 3*i + 4. Let x be q(6). Suppose -8*l = 2*n - 11*l - 4670, -n + 2342 = -5*l. Suppose -11*t = -x*t + n. What is the units digit of t?
2
Suppose 59927 = -11*c + 266595. What is the units digit of c?
8
Suppose -5*h + 2673 = 4*w, -w - h + 634 = -34. Suppose -68 = -3*n + w. What is the tens digit of n?
4
Let j be 0 - 19/(114/276). Let k = j + 293. What is the tens digit of k?
4
Suppose -3*h - 2*j - 18 = 0, 3*h - j + 6 = j. What is the units digit of 90/(-12) + 7 + (-1654)/h?
3
Let q(b) = -2*b**2 + 16*b - 37. Let h be q(5). What is the tens digit of h/(-35) + (-9954)